{"id":2142,"date":"2014-07-08T17:03:32","date_gmt":"2014-07-08T15:03:32","guid":{"rendered":"https:\/\/hardehausen.sawah.mobi\/?page_id=2142"},"modified":"2024-07-03T13:36:18","modified_gmt":"2024-07-03T11:36:18","slug":"hardehausen","status":"publish","type":"page","link":"https:\/\/hardehausen.sawah.mobi\/?page_id=2142","title":{"rendered":"Startpunkt: Hammerhof in Hardehausen"},"content":{"rendered":"<p><span style=\"color: #666666;\">Der GPS-KlimaErlebnisPfad Hardehausen startet am Waldinformationszentrum Hammerhof und f\u00fchrt durch das Wisentgehege zum Wisentturm. Das Wisentgehege beherbergt\u00a0vom Aussterben bedrohte\u00a0Wisente, r\u00fcckgez\u00fcchtete Tarpane, wei\u00dfes Rotwild und\u00a0Schwarzwild. Bei\u00a0Ihrem Streifzug durch die W\u00e4lder Hardehausens\u00a0entdecken\u00a0Sie die verschiedenen Waldgesellschaften und Str\u00e4ucher an den\u00a0Waldr\u00e4ndern. Auf dem letzten Teilst\u00fcck des Rundweges\u00a0werden Ihnen sicherlich die abgestorbenen Fichtenforste ins Auge fallen.\u00a0Die Wanderung f\u00fchrt\u00a0Sie\u00a0zum Klippen- und Felsenmeer, wo oberhalb des Weges zahlreiche kleine Hangquellen zutage treten \u2013 ein Beispiel daf\u00fcr,\u00a0dass viele kleine Wasserl\u00e4ufe im Eggegebirge ihren Ursprung haben. Vorbei geht es am Opferstein, einem riesigen Sandsteinblock, der in den ersten nachchristlichen Jahrhunderten vermutlich als Kultst\u00e4tte genutzt wurde. Anschlie\u00dfend treffen Sie rund um das 1140 gegr\u00fcndete Kloster Hardehausen auf alte Hudew\u00e4lder, sie sind Zeugnisse der mittelalterlichen Waldweidewirtschaft.\u00a0Besichtigen Sie\u00a0dann\u00a0gerne das ehemalige Zisterzienserkloster Hardehausen.\u00a0Von hier aus geht es am Hammerbach entlang zur\u00fcck zum Ausgangspunkt.<\/span><\/p>","protected":false},"excerpt":{"rendered":"<p>Der GPS-KlimaErlebnisPfad Hardehausen startet am Waldinformationszentrum Hammerhof und f\u00fchrt durch das Wisentgehege zum Wisentturm. Das Wisentgehege beherbergt\u00a0vom Aussterben bedrohte\u00a0Wisente, r\u00fcckgez\u00fcchtete Tarpane, wei\u00dfes Rotwild und\u00a0Schwarzwild. Bei\u00a0Ihrem Streifzug durch die W\u00e4lder Hardehausens\u00a0entdecken\u00a0Sie die verschiedenen Waldgesellschaften und Str\u00e4ucher an den\u00a0Waldr\u00e4ndern. Auf dem letzten Teilst\u00fcck des Rundweges\u00a0werden Ihnen sicherlich die abgestorbenen Fichtenforste ins Auge fallen.\u00a0Die Wanderung f\u00fchrt\u00a0Sie\u00a0zum Klippen- und &hellip; <\/p>\n<p class=\"link-more\"><a href=\"https:\/\/hardehausen.sawah.mobi\/?page_id=2142\" class=\"more-link\"><span class=\"screen-reader-text\">\u201eStartpunkt: Hammerhof in Hardehausen\u201c<\/span> weiterlesen<\/a><\/p>\n","protected":false},"author":1,"featured_media":2199,"parent":0,"menu_order":0,"comment_status":"open","ping_status":"open","template":"","meta":{"footnotes":""},"_links":{"self":[{"href":"https:\/\/hardehausen.sawah.mobi\/index.php?rest_route=\/wp\/v2\/pages\/2142"}],"collection":[{"href":"https:\/\/hardehausen.sawah.mobi\/index.php?rest_route=\/wp\/v2\/pages"}],"about":[{"href":"https:\/\/hardehausen.sawah.mobi\/index.php?rest_route=\/wp\/v2\/types\/page"}],"author":[{"embeddable":true,"href":"https:\/\/hardehausen.sawah.mobi\/index.php?rest_route=\/wp\/v2\/users\/1"}],"replies":[{"embeddable":true,"href":"https:\/\/hardehausen.sawah.mobi\/index.php?rest_route=%2Fwp%2Fv2%2Fcomments&post=2142"}],"version-history":[{"count":9,"href":"https:\/\/hardehausen.sawah.mobi\/index.php?rest_route=\/wp\/v2\/pages\/2142\/revisions"}],"predecessor-version":[{"id":2329,"href":"https:\/\/hardehausen.sawah.mobi\/index.php?rest_route=\/wp\/v2\/pages\/2142\/revisions\/2329"}],"wp:featuredmedia":[{"embeddable":true,"href":"https:\/\/hardehausen.sawah.mobi\/index.php?rest_route=\/wp\/v2\/media\/2199"}],"wp:attachment":[{"href":"https:\/\/hardehausen.sawah.mobi\/index.php?rest_route=%2Fwp%2Fv2%2Fmedia&parent=2142"}],"curies":[{"name":"wp","href":"https:\/\/api.w.org\/{rel}","templated":true}]}}